*7/840 + j**6/72 + j**5/24 + 4*j**3/3 + 5. Let l(i) be the third derivative of r(i). What is l(6)?
-6
Let x be 3 - (-12 - 0)*14/(-28). Let l(r) = 3*r + 1. Calculate l(x).
-8
Let k(j) = -6*j**3 + 6*j**2 + 5*j**3 + 10 - 13*j**2. Determine k(-7).
10
Suppose 3*n + 5*c - 37 = 0, 0 = -3*c - 2*c + 25. Let i = n - 2. Let r(o) = -2*o**2 - o + 2. Determine r(i).
-8
Let i(d) = d**2 - 3*d + 1. Let k(a) = -4*a + 2. Let p(x) = -3*i(x) + 2*k(x). Calculate p(-2).
-13
Suppose 4 = 7*r - 3*r. Let y(d) = 296 - 3*d - 3*d - 295. Calculate y(r).
-5
Let p(z) = z**3 + 3*z**2 - z + 4. Suppose -20 - 3 = 5*n - g, -5*n = -3*g + 29. Determine p(n).
-8
Suppose 11 - 1 = -5*i. Let s be i/(-1 - (-3)/5). Let p(r) = -r - 1. What is p(s)?
-6
Let t = 26 + -30. Let l(b) = -2*b + 1. What is l(t)?
9
Let g(x) = x**2 - 3*x + 6. Let d be 5 - 2*4/8. Suppose d*w - 5 = 4*h - 25, 6 = h - 2*w. Calculate g(h).
10
Let k(q) be the second derivative of q**3/6 - q**2/2 + 2*q. Let b = 20 + -17. Give k(b).
2
Let o(q) = -6*q + 1. Let f be (-39)/(-26) - (-1)/(-2). Determine o(f).
-5
Let w(v) be the third derivative of v**6/720 - v**4/6 + 4*v**2. Let b(g) be the second derivative of w(g). What is b(6)?
6
Let p(w) = -w**2 - 2*w + 1. Suppose -55 = -4*l - 0*j + 5*j, -4*l + 31 = 3*j. Suppose 4*m - 22 = -2*h, 2*h + m = -3 + l. Let o be (-9)/6*2/h. Give p(o).
-2
Let y = 2 + -2. Let a = 4 + y. Let u(h) = -a*h - 2*h + h**3 + 1 - 4*h**2 + 1. Give u(5).
-3
Let s(l) = l**3 + l**2 - 2*l + 1. Suppose 0*r - 4*r - 12 = 0. Calculate s(r).
-11
Let m(a) = a**2 - 6*a - 6. Let z = -52 - -58. Give m(z).
-6
Let x(g) = -3 + 4*g + 2*g + 5 - 10*g. What is x(3)?
-10
Let p(h) be the third derivative of -h**5/60 + h**4/24 + h**3/6 + h**2. Let n be 2/(-6)*(7 - 10). Determine p(n).
1
Let x(h) = h**2 + 3*h - 3. Let g(y) = 5*y**3 + 1. Let z be g(-1). Determine x(z).
1
Let i(g) be the third derivative of 5*g**4/12 - g**3/6 - 3*g**2. What is i(1)?
9
Let x(m) = -m**2 + 3*m + 4. Let c(k) = k**3 - 13*k**2 - 13*k - 10. Let y be c(14). What is x(y)?
0
Let u(c) = -c + 1. Let t = -6 + 8. Suppose -t*y - 3 = -y. Give u(y).
4
Suppose 2*p + 2 = -2*l + 8, p = -5*l + 19. Let k(j) = -4*j + 1. What is k(p)?
5
Let p(m) be the second derivative of m**5/20 + m**4/3 - 5*m**3/6 + m**2 + m. Let f be p(-5). Let y(o) = -o**3 + 2*o**2 - 3*o + 2. Give y(f).
-4
Let i(h) = -2*h. Let z = -31 + 49. Suppose 4*s = -6 + z. Suppose -7 = -4*r - s. What is i(r)?
-2
Let i(p) = -1. Let y(j) = -j**2 + 6*j + 7. Let m(z) = -4*i(z) - y(z). Suppose -f + 2 = -3. What is m(f)?
-8
Let q be -3 - (-4 + 0 + 3). Let k be ((-4)/(-1))/(2/q). Let h(i) = -i**2 - 2*i + 4. Give h(k).
-4
Let n(h) = -h**3 + 2*h**2 + 3. Let u be (-2 - -1)/((-1)/2). Let z be 1/(1 + -2 + u). Let g = 4 - z. What is n(g)?
-6
Let v(r) = r. Let j be 0*(3/(12/13) - 3). Calculate v(j).
0
Let n = -7 + 12. Suppose -5*r - n = -0*r. Let m(t) = -9*t - 1. Calculate m(r).
8
Let y = -22 + 31. Let n(x) = 6*x - 2 - y*x + 0. Suppose -3*o - 2*o - 10 = 0. Calculate n(o).
4
Let j(m) = -m**2 + m - 1. Suppose h + 1 = -5*n + 2*n, -n = -h - 5. Calculate j(h).
-21
Let i = -15 + 35. Let l be (-1)/(-2)*i - 2. Suppose 4*t = -l - 4. Let x(s) = -s**3 - 5*s**2 - s + 3. Give x(t).
-12
Let y(v) = -v + 15. Let z be y(10). Let q(u) = -z - 2*u**3 + 4*u**3 - 3*u**3 + 2*u**2 - 5*u + 5*u**2. Let w = 22 - 16. Calculate q(w).
1
Let x = 18 - 18. Let z(m) = -m**3 - 4 - 8 + m - m**2 + 0*m**3 - 2*m. Calculate z(x).
-12
Let n(h) = 6*h - 7. Let f(k) = k - 1. Let t(p) = -21*f(p) + 3*n(p). Determine t(7).
-21
Let d(i) = i**2 - 12*i + 13. Let j = 16 + -7. Determine d(j).
-14
Let w(g) be the first derivative of 1 + 0*g - 1/6*g**3 - 1/60*g**5 + 5/24*g**4 - g**2. Let v(r) be the second derivative of w(r). What is v(3)?
5
Let b(f) = -f - 2. Let y = 6 + -12. What is b(y)?
4
Let f(x) = -x + 3. Suppose 4*q = 2*v - 4, -2*q + 5*v = -q + 10. Let g be f(q). Suppose g*b + 10 = 2*p, 3*b - 4*p + 0 = -14. Let w(a) = -2*a. Determine w(b).
4
Let f(a) = -3*a + 5*a + 3*a. Determine f(2).
10
Let i(f) = -f**2 + 3*f - 1. Let u be -1 + 4 - 6/6. Determine i(u).
1
Let a(q) = -q. Let w(m) = 6*m - 3. Let j(s) = -9*a(s) - w(s). Suppose -20 = 5*i, x + i + 10 = -i. Calculate j(x).
-3
Let o(y) = y - 6. Let b = -150 - -158. Calculate o(b).
2
Suppose 0 = -3*b - 3*r, 0 = -2*r - 2*r - 8. Suppose -3*o - 13 = 4*l, -b*l = -4*o - 6 - 4. Let x(q) = -q**3 + 2*q**2 - 1. Calculate x(l).
2
Let n(v) be the third derivative of v**6/120 - v**5/60 + v**4/12 - v**3/3 + 55*v**2. Give n(2).
6
Let w(p) = p**2 - 7*p - 4. Let m(l) = 6*l**2 - 35*l - 19. Let t(o) = 2*m(o) - 11*w(o). What is t(-4)?
-6
Let v(k) = -7*k**3 - k**2 + 3*k + 3. Let r(o) = 6*o**3 + o**2 - 2*o - 2. Let f(l) = 3*r(l) + 2*v(l). Determine f(-1).
-3
Let p(x) be the third derivative of x**5/60 - x**4/3 + x**3 + 7*x**2. What is p(7)?
-1
Let h(y) = 2*y**2 + 2*y - 2. Suppose m + 8 = -3*m. What is h(m)?
2
Let g(p) = -p**3 - 6*p**2 - 2*p. Suppose 0*y = 7*y + 28. Give g(y).
-24
Let r(n) = 9*n**2 + 2*n + 1. Suppose -22*u + 24*u + 2 = 0. Determine r(u).
8
Let n(o) = 9*o**2 - 2*o - 1. Let y(f) = f**2 + f. Let j(b) = -n(b) - 2*y(b). Let k = -10 - -11. What is j(k)?
-10
Let q(y) be the third derivative of y**4/24 - y**3/2 - 9*y**2. Give q(5).
2
Let m = 7 + -3. Let i(d) be the first derivative of 1/2*d**2 + 1 + 4*d. Determine i(m).
8
Let h(g) = -3*g + 3. Let j(u) = -4*u + 4. Let f(m) = m - 1. Let a(o) = 9*f(o) + 2*j(o). Let w be a(3). Give h(w).
-3
Let o = -5 + 3. Suppose q = 2*q - 2. Let z(x) = -3*x**2 + 2*x**q + 2 + 0. What is z(o)?
-2
Let w(m) = -m - 3. Let r = -2 + 4. Let a be -2 + 19 - 4/r. Suppose 0 = 4*b - n + 21, n + a = b - 6*b. Give w(b).
1
Let j be (-3)/(-2) - (-1)/(-2). Let p(k) = -4*k + 2*k + 3*k - j. Let g be (3 + -5)*(-1)/2. Give p(g).
0
Let f(p) = -p**3 + 3*p**2 - p + 2. Let l = 4 - 2. Give f(l).
4
Suppose -5*z + r + 20 = 2*r, 0 = -2*z + 2*r - 4. Let m(y) = z*y**2 - 4*y**2 - 2*y - 3*y**2 + 3*y**2. What is m(-1)?
1
Let k(h) = h**3 - 4*h**2 + 2*h - 3. Let m be k(4). Suppose -y - 2*d - 6 = y, 0 = -m*d. Let p(a) = -a**2 - 5*a. Calculate p(y).
6
Suppose 20 = 2*p - 0. Let q = -6 + p. Let r(f) = -2*f + 6. Calculate r(q).
-2
Suppose -x + 28 = 5*m, m + 3*x - 24 = -2*m. Let a(j) = 5 + 4*j**3 + 0*j**2 - 6*j - 3*j**3 - 2*j**3 + m*j**2. Let c(s) = -2*s - 4. Let i be c(-4). Give a(i).
-3
Let g(s) = -19*s**2 - 2*s + 1. Suppose 3 = 4*n - n. Determine g(n).
-20
Let c(f) be the third derivative of f**5/60 - f**4/6 - f**3/3 - 4*f**2. Let b = 2 - -3. What is c(b)?
3
Let n(p) be the third derivative of -p**5/60 + p**4/8 - 5*p**3/6 - 5*p**2. Determine n(4).
-9
Let t(v) = 3*v**3 + v - 1. Let p = -1 - -4. Let n be (2 - -1) + (1 - p). What is t(n)?
3
Let z(r) = 0 - 1 - 5*r**2 + 4*r - 9*r - r**3 + 0*r**2. Let d be z(-4). Let b(f) = -f**3 + 4*f**2 - 3*f - 1. What is b(d)?
-1
Let m be 3/(-3)*2/(-2). Let u = m - 6. Let b(w) = w**2 + 6*w - 1. What is b(u)?
-6
Suppose -4*z + 2 = -3*z. Suppose 10 = f + 4*f. Suppose f*h + 0*v - 15 = v, -4*v - 30 = -z*h. Let j(l) = l**3 - 6*l**2 + 6*l - 2. Give j(h).
3
Let s(g) = 2*g**2 + 2*g. Let d be (-11 + 12)*(-2)/(-1). What is s(d)?
12
Let n(x) = 5*x + 3*x - 6*x + x - 5. Determine n(5).
10
Let c(b) = -1 + 0 - 7*b - 3 + 27*b**2 - 26*b**2. What is c(8)?
4
Let d(a) be the second derivative of -a**3 + 5*a**2/2 - a. Let y(b) = -6*b + 6. Let p(q) = 6*d(q) - 5*y(q). Suppose -6*x = -x - 5. What is p(x)?
-6
Let r be (-58)/(-29) - 1*4. Let x(h) = h**2 + 4*h + 1. Calculate x(r).
-3
Suppose -4 = -3*m + 2. Let d(t) = 2*t**3 - 3*t**m - t**3 + 12 - 4 + 9*t**2 + t. Give d(-6).
2
Let w(o) = -o**3 + 2*o**2 + 2*o - 1. Suppose -j + 4*j - 9 = 0. Let b be w(j). Let m = 9 + b. Let v(s) = -2*s + 5. What is v(m)?
-5
Let w(q) = -q**2 + q + 3. Let a be w(2). Let g(u) = 6*u**3 + 2*u**2 - 1. Give g(a).
7
Let x = 2 + -1. Let b(a) = a**3 - 2*a**2 + 2*a - 2. Let q be b(2). Let k(f) = 0*f**q - 4*f**2 + 4*f**2 + 2*f**2. Determine k(x).
2
Let q(p) = -p. Let f = -3 + 7. Let b be q(f). Let m(x) = -4 + x**3 - 2*x - 4*x**2 - 2*x**3 + 0*x**3. Calculate m(b).
4
Let b be -2 + 7 + (-12)/6. Let n(q) = -2*q. Determine n(b).
-6
Let d(r) = r**3 + 5*r**2 + 3*r - 3. Let s = -1 - -1. Suppose 0*c - 2*c = s. Let j = -3 - c. Calculate d(j).
6
Let m(n) be the third derivative of n**9/60480 + n**8/5040 + n**7/1260 + n**6/720 - n**5/60 + n**2. Let i(y) be the third derivative of m(y). C